+ 5*a - 25 = 0, -5 = r + 4*a - 5*a. Suppose 4*o - 4*f = -r*f + 72, o - 24 = -5*f. Let v = -316 - -381. What is the remainder when v is divided by o?
8
Suppose -18*l + 4*o = -16*l - 22, 0 = 2*l + 2*o - 34. Let c = 15 + -11. Calculate the remainder when l is divided by c.
3
Let u = -101 + 99. Let r(j) = 46*j**2 + 4*j - 6. What is the remainder when r(u) is divided by 58?
54
Let r = -36 - -57. Suppose -2*c + r = c. Calculate the remainder when (-7 + -17)*2/(-2 + 1) is divided by c.
6
Suppose 2*d - 4*d = -220. Suppose -37*n + 7161 = 3046 + 3005. Calculate the remainder when d is divided by n.
20
Let q = 35 - 3. Suppose 3*j - 5*u = -4*u + 36, 2*u + 46 = 4*j. Let b(w) = -2*w**3 + 23*w**2 + 41*w - 14. What is the remainder when q is divided by b(j)?
8
Calculate the remainder when 20 is divided by ((-4)/(-18))/((-5975)/855 - -7).
1
Let k(x) = -x**3 + 76*x**2 + 110*x - 24. Calculate the remainder when k(74) is divided by 128.
124
Suppose -8*k + 244 = 36. What is the remainder when 119 is divided by k?
15
Let c = -6728 - -6753. Calculate the remainder when 293 is divided by c.
18
Suppose -4*g - 48 = -2*b, -91 = -2*b - g - 38. What is the remainder when 268 is divided by b?
8
Let k = -118 + 128. Let d = -367 + 393. Calculate the remainder when d is divided by k.
6
Calculate the remainder when 1082 is divided by 172 - (-29)/((-29)/(-10)).
172
Suppose -4*f + 16 = -12*f. What is the remainder when 41 is divided by (36/f)/(-2) - (-1 + -1)?
8
Let c be (-140)/((2/(-2))/((-10)/(-4))). Let w = c + -157. Suppose 2*f = 2, f = x + 63 - w. What is the remainder when x is divided by 19?
17
Suppose 4*y = v + 165 + 323, -5*v = -y + 141. Calculate the remainder when 599 is divided by y.
115
Let u = 145 + -145. Suppose -8*l - d + 582 = -3*l, u = 5*l - d - 578. What is the remainder when l is divided by 59?
57
Suppose -5*b + 8585 = 1920*d - 1915*d, -4*b + 6872 = 5*d. What is the remainder when b is divided by 5?
3
Let w = 158 - 114. Suppose -3*b + w = 5*t, 0 = 4*t + 4*b - 3*b - 38. What is the remainder when 16 is divided by t?
6
Suppose 3*y = 17 + 7. Suppose 6*m - 2*m = 16, -68 = -b - 4*m. Suppose 90*d - 94*d + b = 0. Calculate the remainder when d is divided by y.
5
Suppose -5*w + 838 = 2*r, 7*r - 19*w = -15*w + 2890. Calculate the remainder when r is divided by 109.
87
Let i(c) = -c**2 + 15*c - 38. Let v be i(11). Let g be 0 - 0 - (-390)/v. Let n = -43 + g. Calculate the remainder when n is divided by 12.
10
Suppose -5*h + 5*g + 108 = -27, 3*h - g = 87. What is the remainder when 2/3 + 60/54*h is divided by 3?
1
Let y(w) = 2*w**2 - 108*w + 403. What is the remainder when 4004 is divided by y(4)?
2
Suppose 0 = -5*y - 8*n + 3*n - 10, y + 6 = -5*n. Calculate the remainder when (15/(-30))/(y/72) is divided by 13.
10
Suppose 4 = w + 2. Let r(c) = -w + 10 + 20*c - 21*c. What is the remainder when 47 is divided by r(-5)?
8
Let q(t) = 6*t - 12. Let x be q(5). Calculate the remainder when 134 is divided by (13/((-429)/(-44)))/(1/x).
14
Let m(c) = -363*c - 14778. What is the remainder when m(-41) is divided by (-1)/(1 - 120/118)?
46
Suppose -3884*x = -3890*x + 894. What is the remainder when x is divided by 20?
9
Suppose 4*f + d = 567, -577 = -4*f - 22*d + 23*d. What is the remainder when 3431 is divided by f?
142
Let g = 281 - 278. Suppose g*b = -26*b + 754. Calculate the remainder when b is divided by 7.
5
Suppose -2 = 4*y - 34. Let v(w) = 6*w**2 + 4*w - 5. Let h(c) = 11*c - 53. Let o be h(5). Calculate the remainder when v(o) is divided by y.
3
Suppose 0 = -43*q + 2872 + 2824 + 2689. Let l(j) = -5*j - j**2 - 2*j - 3*j - 6. What is the remainder when q is divided by l(-4)?
15
Suppose -15*o + 5*o = -27*o + 31399. What is the remainder when o is divided by 56?
55
Suppose -364 + 228 = -2*h. Calculate the remainder when 90 is divided by h.
22
Suppose 2*i - r - 381 = 607, 0 = 4*r - 24. Calculate the remainder when i is divided by 7.
0
What is the remainder when -3 - -4 - (-306 + -5 + -3) is divided by 18?
9
Let r(w) = -w**2 - 18*w - 16. Suppose 0 = -8*i + 5*i + 564. What is the remainder when r(-12) is divided by (-8)/12 - i/(-12)?
11
Let t = 87 - 75. Suppose 5*f = t*f. Suppose r + 2*n - 11 - 7 = f, 4*r + n = 65. What is the remainder when 79 is divided by r?
15
Let h(g) = -33*g + 961. Calculate the remainder when 173 is divided by h(28).
25
Let l(k) = k**2 + k - 9. Suppose -s + r + 14 = 0, 39*r = -5*s + 42*r + 64. Calculate the remainder when l(-7) is divided by s.
0
Let y(f) = -f**3 + 7*f**2 - 7*f + 7. Calculate the remainder when y(5) is divided by ((-8)/(-20))/(10/325).
9
Let s be ((-7)/2)/(5*(-15)/(-150)). Calculate the remainder when 69 is divided by (-448)/(-21) + s - 4/(-6).
9
Let l = -5099 - -5155. What is the remainder when 164 is divided by l?
52
Suppose -5*d = 33*t - 32*t - 1589, t = 4. What is the remainder when d is divided by 70?
37
Suppose 293 = 19*y - 239. What is the remainder when 1343 is divided by y?
27
Suppose 5*o - 5*r + 9 = 14, 2*o - 17 = -3*r. Suppose -o*c + 230 = 2*h - 90, 0 = -3*h + 12. Calculate the remainder when c is divided by 10.
8
Let m be -712 + 4 - 16/2. Let h = m + 731. What is the remainder when 43 is divided by h?
13
Suppose -3*s - 2*t + 1064 = 0, -2*t - 101 = -s + 243. Calculate the remainder when s is divided by 139.
74
Let i = 30 - 6. Suppose 0 = 4*d - 4*u - i, 5*u = d + 3 + 3. Suppose 3*c - 43 = -2*l, 2*l - 19 = 6*c - c. What is the remainder when l is divided by d?
8
Let r(a) = 21*a**2 + 8 - 16*a**2 - 6*a**2 + 4*a. Suppose -s + 2*j - 2 = -7, 5*s - 5*j - 20 = 0. Calculate the remainder when r(s) is divided by 5.
1
Let c(j) = -8*j + 118. Suppose r + 81 = 10*r. What is the remainder when 130 is divided by c(r)?
38
Let p(b) = -b**3 + 9*b**2 + 54*b - 326. Calculate the remainder when p(5) is divided by -2 + 1/((-1)/(-12)).
4
Suppose 0*v - 188 = v. Let q = -124 - v. Let d = q + -25. Calculate the remainder when d is divided by 11.
6
Let o(d) = -25 - 18 - 10*d + 52. What is the remainder when o(-2) is divided by 11?
7
Let n = -1784 - -1793. What is the remainder when 224 is divided by n?
8
Suppose -70*n - 49812 + 52472 = 0. Suppose -752 = -w - 3*w. Calculate the remainder when w is divided by n.
36
What is the remainder when (1*6/(-12))/((-6)/(7111 + 5)) is divided by 18?
17
Let j be (-1 - (-3 - -7)) + 18. Suppose 0 = -2*v + 14*w - j*w + 41, 3*v - 2*w - 59 = 0. What is the remainder when v is divided by 11?
1
Let d be -69 - 6/((-6)/3). Let z be d/((81/(-6))/(-9)). What is the remainder when 104 is divided by ((-70)/(-8))/((-11)/z)?
34
Let m = -1028 + 1053. What is the remainder when 148 is divided by m?
23
Let m = 217 + -212. Suppose 15 = 5*j, -m*j + 404 = 5*b - 2*j. What is the remainder when b is divided by 30?
19
Let x(b) = b**3 + 65*b**2 + 502*b - 10. Let s be ((-14)/(-6))/((-1)/9). Calculate the remainder when 1*(0 - (-2 + s)) is divided by x(-9).
7
Let f = 10731 + -8576. Calculate the remainder when f is divided by 53.
35
Let n = -2162 + 2280. What is the remainder when 1443 is divided by n?
27
Let i = -13 - -13. Suppose 2*w - 33 = -r, -2*w - 5*r + 45 = -i*w. What is the remainder when (-1)/5 + 498/w is divided by 9?
6
Suppose 0 = -2*u - p + 3 + 48, -3*p + 3 = 0. What is the remainder when 14572 is divided by u?
22
Let k = -255 + 671. Suppose 29*i + k = 31*i. Calculate the remainder when i is divided by 6.
4
Suppose -3*h + 2*i = -4*h + 240, -i - 485 = -2*h. Calculate the remainder when 495 is divided by h.
11
Suppose 31*g - 39*g = -133*g + 6000. Calculate the remainder when 1148 is divided by g.
44
Suppose 5*h + t - 391 = 2*t, -3*t + 170 = 2*h. Calculate the remainder when h is divided by (3 + 4)*(-220)/(-77).
19
Suppose -x - 4*x = -4*a - 522, 3*x = -2*a + 322. Let h = x + -97. Let s(k) = k**2 - 6*k - 14. Calculate the remainder when 29 is divided by s(h).
3
Suppose -2*v = v + 87. Let q = -26 - v. Suppose 2*n = -q*o + 65, n - 24 + 2 = -o. Calculate the remainder when 41 is divided by o.
20
Let c = -221 - -228. Suppose 5*k - z = 89, -c = -4*k - z + 66. Suppose l - 6*l = -340. Calculate the remainder when l is divided by k.
14
Let s = 310 - 258. Let g = -176 + 276. Calculate the remainder when g is divided by s.
48
Let q(m) = 2*m**2 + 7*m - 9. Let c = 40 + -46. Let t be q(c). Calculate the remainder when 3/t - ((-642)/14 - -5) is divided